posite?
False
Is 7609 a prime number?
False
Is 558401 a composite number?
False
Is 1287349 a prime number?
False
Is 10211 a prime number?
True
Is 2579 a composite number?
False
Is 130721 composite?
True
Is 68467 a prime number?
False
Is 7343 a composite number?
True
Is 34583 prime?
True
Is 10454 composite?
True
Is 800953 a prime number?
True
Is 21767 prime?
True
Is 3466 composite?
True
Is 693307 a prime number?
False
Is 494843 a composite number?
False
Is 14971 prime?
False
Is 370718 composite?
True
Is 107131 composite?
True
Is 7039 prime?
True
Is 354439 composite?
False
Is 33817 composite?
True
Is 39341 prime?
True
Is 236563 composite?
False
Is 44803 a composite number?
True
Is 23093 a prime number?
False
Is 1006493 composite?
False
Is 150251 a prime number?
False
Is 9609 composite?
True
Is 2309 prime?
True
Is 237199 a composite number?
True
Is 69313 a composite number?
False
Is 768881 a prime number?
True
Is 132409 a composite number?
False
Is 2103 composite?
True
Is 2688695 a prime number?
False
Is 1059497 a composite number?
True
Is 82201 a prime number?
False
Is 128237 composite?
False
Is 11467 prime?
True
Is 250103 a composite number?
True
Is 41333 prime?
True
Is 634715 a composite number?
True
Is 60067 a prime number?
False
Is 321023 a composite number?
True
Is 9517 composite?
True
Is 1328711 prime?
True
Is 44819 a prime number?
True
Is 7453 prime?
False
Is 499259 a composite number?
True
Is 176711 a composite number?
False
Is 132403 a composite number?
False
Is 15421 a composite number?
True
Is 13751 a composite number?
False
Is 33679 a composite number?
False
Is 5324335 prime?
False
Is 5147 composite?
False
Is 310169 a composite number?
False
Is 149441 a prime number?
True
Is 19473 a prime number?
False
Is 11785 a composite number?
True
Is 344639 a prime number?
True
Is 14783 prime?
True
Is 98663 a composite number?
False
Is 31523 a prime number?
False
Is 59827 composite?
True
Is 271913 a prime number?
False
Is 2298577 a prime number?
True
Is 90161 prime?
False
Is 18511 a composite number?
True
Is 18539 composite?
False
Is 105005 a prime number?
False
Is 159977 a prime number?
True
Is 14614 a composite number?
True
Is 199151 a prime number?
True
Is 207941 a composite number?
False
Is 7609 prime?
False
Is 176497 composite?
False
Is 165643 a prime number?
False
Is 208093 composite?
True
Is 587 a composite number?
False
Is 36415 a composite number?
True
Is 10957 a prime number?
True
Is 13093 a composite number?
False
Is 15439 a prime number?
True
Is 85 prime?
False
Is 43045 prime?
False
Is 54539 composite?
False
Is 649261 prime?
True
Is 59105 prime?
False
Is 4771 prime?
False
Is 18181 prime?
True
Is 13241 a composite number?
False
Is 14909 a composite number?
True
Is 18893 a prime number?
False
Is 80393 composite?
True
Is 91673 prime?
True
Is 30931 a composite number?
False
Is 914 prime?
False
Is 71557 a prime number?
False
Is 964527 composite?
True
Is 18091 a composite number?
True
Is 311257 a prime number?
False
Is 222739 a composite number?
True
Is 338707 a composite number?
False
Is 17363 a prime number?
False
Is 25489 a composite number?
True
Is 24899 composite?
True
Is 1951 prime?
True
Is 394153 a prime number?
True
Is 453683 a composite number?
False
Is 7069 prime?
True
Is 372655 a composite number?
True
Is 15395 a prime number?
False
Is 7993 composite?
False
Is 180017 a prime number?
False
Is 527 prime?
False
Is 65789 a prime number?
True
Is 689 a composite number?
True
Is 700039 prime?
False
Is 210481 prime?
True
Is 691147 composite?
False
Is 10171 prime?
False
Is 24481 a composite number?
False
Is 32321 a composite number?
False
Is 12237 a composite number?
True
Is 60055 composite?
True
Is 25111 a prime number?
True
Is 489 composite?
True
Is 14953 a composite number?
True
Is 320471 composite?
False
Is 12313 prime?
False
Is 219577 composite?
False
Is 543 composite?
True
Is 119897 a composite number?
True
Is 1990159 a prime number?
True
Is 184865 composite?
True
Is 131183 prime?
False
Is 13523 prime?
True
Is 5147 prime?
True
Is 2627513 a composite number?
True
Is 42361 composite?
True
Is 173643 a composite number?
True
Is 1106965 a prime number?
False
Is 7531593 prime?
False
Is 24821 a composite number?
False
Is 22639 a composite number?
False
Is 8903 a prime number?
False
Is 4737 a composite number?
True
Is 4985 composite?
True
Is 79087 composite?
False
Is 1810397 a prime number?
True
Is 5051 composite?
False
Is 339467 prime?
True
Is 38593 a prime number?
True
Is 938345 composite?
True
Is 13963 a prime number?
True
Is 61849 a prime number?
False
Is 131003 prime?
False
Is 6761 a prime number?
True
Is 1808753 a prime number?
False
Is 20143 prime?
True
Is 62503 a composite number?
True
Is 10405 prime?
False
Is 1948643 composite?
True
Is 889402 a composite number?
True
Is 256423 a composite number?
False
Is 7195 prime?
False
Is 102239 a composite number?
True
Is 180871 a prime number?
True
Is 13301 composite?
True
Is 200543 a composite number?
True
Is 2587747 composite?
False
Is 10037 a prime number?
True
Is 1439513 a composite number?
False
Is 2880589 a prime number?
False
Is 36097 prime?
True
Is 78839 prime?
True
Is 10541 composite?
True
Is 136303 a composite number?
False
Is 3593 a prime number?
True
Is 50567 composite?
True
Is 325133 a composite number?
False
Is 360037 a prime number?
True
Is 1319 prime?
True
Is 111661 a prime number?
False
Is 1847 composite?
False
Is 9533 a prime number?
True
Is 50017 a prime number?
False
Is 6598 a composite number?
True
Is 55201 prime?
True
Is 48299 a composite number?
False
Is 310333 prime?
True
Is 1612307 a prime number?
True
Is 5839 composite?
False
Is 11269 composite?
True
Is 71119 a composite number?
False
Is 118741 prime?
False
Is 211 a composite number?
False
Is 22417 prime?
False
Is 104789 a composite number?
False
Is 213349 composite?
False
Is 107507 prime?
True
Is 460013 a prime number?
True
Is 618283 a prime number?
False
Is 11841 composite?
True
Is 1135757 a composite number?
True
Is 184019 composite?
True
Is 145771 prime?
True
Is 32493 prime?
False
Is 61861 composite?
False
Is 589 composite?
True
Is 840847 prime?
False
Is 621685 a composite number?
True
Is 11038 a composite number?
True
Is 80897 a prime number?
True
Is 482227 a prime number?
True
Is 781 a composite number?
True
Is 915293 a composite number?
True
Is 29077 prime?
True
Is 190819 a prime number?
False
Is 56077 prime?
False
Is 12811 a prime number?
False
Is 194951 prime?
False
Is 6971 a composite number?
False
Is 50747 prime?
False
Is 47305 a prime number?
False
Is 55201 a prime number?
True
Is 127671 a composite number?
True
Is 23419 prime?
False
Is 55163 prime?
True
Is 29371 a prime number?
False
Is 200339 prime?
False
Is 438029 composite?
False
Is 462619 prime?
False
Is 721561 prime?
True
Is 16621 a prime number?
False
Is 100847 composite?
False
Is 101129 prime?
False
Is 108707 composite?
False
Is 56395 prime?
False
Is 81601 prime?
False
Is 86111 a prime number?
True
Is 132121 prime?
False
Is 9677 a prime number?
True
Is 5779 a composite number?
False
Is 3791 composite?
True
Is 14401 composite?
False
Is 586783 a composite number?
True
Is 17527 composite?
True
Is 1247 composite?
True
Is 128389 a composite number?
False
Is 631 composite?
False
Is 1360043 prime?
False
Is 2963 composite?
False
Is 66881 a prime number?
False
Is 2107165 prime?
False
Is 1273 a prime number?
False
Is 13009 prime?
True
Is 80701 a prime number?
True
Is 133097 a composite number?
False
Is 30407 prime?
False
Is 86677 prime?
True
Is 1047973 composite?
True
Is 363511 a composite number?
True
Is 5773 composite?
True
Is 76193 a prime number?
False
Is 23687 composite?
False
Is 26801 prime?
True
Is 8353 a composite number?
False
Is 38389 prime?
False
Is 506609 a composite number?
False
Is 1364983 composite?
True
Is 59833 a composite number?
False
Is 225635 prime?
False
Is 666929 a composite number?
False
Is 334237 a composite number?
True
Is 379 a composite number?
False
Is 7593 prime?
False
Is 5209 prime?
True
Is 7297633 a composite number?
True
Is 532907 prime?
True
Is 3641 a prime number?
False
Is 3163 composite?
False
Is 309197 a composite number?
True
Is 2039 composite?
False
Is 60101 a composite number?
False
Is 226367 a composite number?